 prime factors of 506722939?
506722939
List the prime factors of 2371278493.
2371278493
What are the prime factors of 231627906?
2, 3, 12868217
List the prime factors of 629709772.
2, 839, 187637
List the prime factors of 57971200.
2, 5, 7, 647
What are the prime factors of 50034567?
3, 11, 1516199
List the prime factors of 113550860.
2, 5, 5677543
What are the prime factors of 2021724034?
2, 11, 43, 547, 3907
List the prime factors of 212238821.
6427, 33023
List the prime factors of 785492883.
3, 7, 41, 1609
What are the prime factors of 808891993?
7, 13, 41, 216803
List the prime factors of 500738691.
3, 31, 61, 1447
What are the prime factors of 746358793?
41, 853, 21341
What are the prime factors of 3481634447?
641, 5431567
List the prime factors of 228266722.
2, 19, 67, 89657
List the prime factors of 11714873.
11714873
List the prime factors of 147285422.
2, 23, 3201857
List the prime factors of 28788376.
2, 521, 6907
List the prime factors of 822341016.
2, 3, 7, 1631629
What are the prime factors of 16869530?
2, 5, 19, 4673
What are the prime factors of 13321908?
2, 3, 41117
What are the prime factors of 476836462?
2, 2039, 116929
What are the prime factors of 15454906?
2, 53, 211, 691
What are the prime factors of 1045744390?
2, 5, 31, 83, 97, 419
List the prime factors of 204782459.
7, 17, 673, 2557
What are the prime factors of 106402871?
106402871
What are the prime factors of 2134271467?
2134271467
What are the prime factors of 3896667181?
11, 43, 131, 5717
What are the prime factors of 225060354?
2, 3, 61, 204973
What are the prime factors of 154104981?
3, 51368327
What are the prime factors of 4281447117?
3, 11927, 119657
What are the prime factors of 37878288?
2, 3, 7, 79, 1427
What are the prime factors of 198040630?
2, 5, 19804063
List the prime factors of 521256829.
2713, 192133
What are the prime factors of 1113804665?
5, 222760933
What are the prime factors of 16724196?
2, 3, 464561
What are the prime factors of 170689035?
3, 5, 11, 1034479
What are the prime factors of 1910666283?
3, 636888761
List the prime factors of 472195312.
2, 29512207
What are the prime factors of 56725957?
17, 1193, 2797
What are the prime factors of 101750421?
3, 67, 491, 1031
List the prime factors of 5132958290.
2, 5, 7591, 67619
List the prime factors of 2041341905.
5, 53, 1549, 4973
List the prime factors of 1757474.
2, 878737
What are the prime factors of 181784413?
181784413
What are the prime factors of 92903114?
2, 47, 367, 2693
List the prime factors of 148072272.
2, 3, 3084839
List the prime factors of 1106083160.
2, 5, 7, 13, 277, 1097
List the prime factors of 21671718.
2, 3, 829, 4357
List the prime factors of 3659481809.
60091, 60899
What are the prime factors of 5757177845?
5, 7477, 153997
What are the prime factors of 6239272237?
11, 4817, 117751
What are the prime factors of 4469404?
2, 149, 7499
What are the prime factors of 2987247059?
37, 67, 211, 5711
What are the prime factors of 92252904?
2, 3, 19, 202309
What are the prime factors of 117088911?
3, 17, 765287
List the prime factors of 87588142.
2, 43794071
List the prime factors of 614490980.
2, 5, 997, 30817
List the prime factors of 4238224645.
5, 19, 44612891
What are the prime factors of 11563923?
3, 7, 550663
List the prime factors of 1130231802.
2, 3, 7, 359, 74959
What are the prime factors of 104167090?
2, 5, 613, 16993
What are the prime factors of 1214449094?
2, 17, 2101123
What are the prime factors of 9882992?
2, 7, 88241
What are the prime factors of 317004208?
2, 19, 71, 773
What are the prime factors of 17497161?
3, 11, 58913
What are the prime factors of 1544027517?
3, 9643, 17791
What are the prime factors of 117497030?
2, 5, 7, 17, 98737
List the prime factors of 1201800203.
199, 6039197
What are the prime factors of 152037985?
5, 11, 59, 46853
What are the prime factors of 354737015?
5, 1087, 65269
List the prime factors of 952183758.
2, 3, 6911, 22963
What are the prime factors of 93311738?
2, 13, 3588913
List the prime factors of 932707371.
3, 137, 2269361
What are the prime factors of 138223126?
2, 193, 433, 827
What are the prime factors of 88422414?
2, 3, 14737069
What are the prime factors of 1570664746?
2, 7, 2381, 47119
What are the prime factors of 3924377?
113, 34729
What are the prime factors of 101003353?
11, 9182123
What are the prime factors of 718361247?
3, 193, 251, 4943
What are the prime factors of 5581452467?
41, 136132987
List the prime factors of 29431060.
2, 5, 1471553
List the prime factors of 1043583491.
67, 2221, 7013
What are the prime factors of 602554947?
3, 200851649
What are the prime factors of 3942842564?
2, 643, 1532987
List the prime factors of 218229461.
53, 179, 23003
List the prime factors of 4720930043.
163, 2137, 13553
List the prime factors of 128239113.
3, 19, 118411
What are the prime factors of 212674589?
101, 683, 3083
List the prime factors of 84100686.
2, 3, 14016781
What are the prime factors of 759136233?
3, 43, 5884777
What are the prime factors of 669105967?
2791, 239737
List the prime factors of 15185329.
541, 28069
List the prime factors of 506713955.
5, 11, 29, 269, 1181
List the prime factors of 109907379.
3, 157, 77783
List the prime factors of 516249.
3, 19, 3019
List the prime factors of 1527427287.
3, 487, 12907
List the prime factors of 122750087.
769, 159623
List the prime factors of 467794728.
2, 3, 1907, 3407
What are the prime factors of 533532123?
3, 19760449
List the prime factors of 51260261.
13, 23, 171439
What are the prime factors of 104899063?
104899063
What are the prime factors of 224859265?
5, 113, 397981
List the prime factors of 6587853681.
3, 2195951227
List the prime factors of 556804170.
2, 3, 5, 13, 67, 7103
List the prime factors of 51695981.
51695981
List the prime factors of 48304333.
7, 11, 627329
What are the prime factors of 1314779205?
3, 5, 87651947
List the prime factors of 738353694.
2, 3, 13, 239, 39607
List the prime factors of 68907171.
3, 17, 1351121
What are the prime factors of 37518579?
3, 7, 179, 1109
What are the prime factors of 975188430?
2, 3, 5, 47, 76847
List the prime factors of 265094028.
2, 3, 41, 179603
What are the prime factors of 679447706?
2, 7, 71, 443, 1543
List the prime factors of 1348641735.
3, 5, 7, 47, 273281
What are the prime factors of 25702469?
13, 167, 11839
List the prime factors of 3684915.
3, 5, 13, 6299
What are the prime factors of 613777633?
7, 359, 467, 523
What are the prime factors of 61027374?
2, 3, 887, 11467
List the prime factors of 2702979910.
2, 5, 270297991
What are the prime factors of 224376516?
2, 3, 7, 13, 68491
What are the prime factors of 28787611?
28787611
List the prime factors of 34913464.
2, 139, 31397
What are the prime factors of 102696128?
2, 47, 34141
What are the prime factors of 3775926613?
167, 181, 124919
List the prime factors of 42680378.
2, 13, 101, 16253
List the prime factors of 206720510.
2, 5, 17, 151, 8053
What are the prime factors of 145628761?
41, 3551921
What are the prime factors of 762922413?
3, 11, 17, 453311
What are the prime factors of 31829007?
3, 7, 61, 24847
List the prime factors of 100509511.
1303, 77137
List the prime factors of 345920840.
2, 5, 19, 455159
What are the prime factors of 7544642414?
2, 571, 647, 10211
List the prime factors of 573467367.
3, 11, 19, 53, 17257
What are the prime factors of 17323952?
2, 17, 63691
List the prime factors of 68031618.
2, 3, 883, 12841
List the prime factors of 10761875.
5, 67, 257
List the prime factors of 191377612.
2, 29, 1649807
List the prime factors of 797349514.
2, 13, 30667289
List the prime factors of 908533702.
2, 19583, 23197
List the prime factors of 319569440.
2, 5, 1109, 1801
What are the prime factors of 109256775?
3, 5, 29, 191, 263
List the prime factors of 1005449354.
2, 7, 13, 109, 50683
List the prime factors of 606399990.
2, 3, 5, 7, 31, 1901
List the prime factors of 442631257.
442631257
What are the prime factors of 663331?
663331
What are the prime factors of 62954402?
2, 7, 467, 9629
List the prime factors of 552210243.
3, 13, 19, 23, 32401
What are the prime factors of 93738446?
2, 103, 127, 3583
What are the prime factors of 28578294?
2, 3, 1587683
What are the prime factors of 70110862?
2, 157, 223283
Li